{"id":15,"date":"2015-02-18T13:18:32","date_gmt":"2015-02-18T13:18:32","guid":{"rendered":"http:\/\/historiallinenyhdistys.fi\/?page_id=15"},"modified":"2015-02-20T13:29:16","modified_gmt":"2015-02-20T11:29:16","slug":"historia","status":"publish","type":"page","link":"https:\/\/historiallinenyhdistys.fi\/?page_id=15","title":{"rendered":"Historia"},"content":{"rendered":"<h4>(Historiallisen yhdistyksen historian lyhyt versio)<\/h4>\n<h3>Alkuvuosikymmenet<\/h3>\n<p>Historiallinen Yhdistys perustettiin lokakuussa 1890 silloisten yliopiston historian opettajien toimesta. Varsinaisena perustajana voidaan pit\u00e4\u00e4 professori J.R. Danielson-Kalmaria ja h\u00e4nen rinnallaan professoreita M. G. Schybergsonia ja E. G. Palm\u00e9nia, sek\u00e4 silloisia dosentteja C. von Bonsdorffia ja Kustavi Grotenfeltia. Perustettu yhdistys oli yliopiston rehtorin alainen puolivirallinen laitos, jonka puheenjohtajana t\u00e4ytyi s\u00e4\u00e4nt\u00f6jen mukaan olla yliopiston opettaja.<\/p>\n<p>Yhdistys toimi yliopiston opettajien johdolla tarkoituksenaan edist\u00e4\u00e4 &#8220;yliopiston nuorison historiallisia opintoja ja tutkimuksia&#8221;. Vaikutteet perustamiseen oli saatu Ruotsista ja Saksasta ja alkuaikoinaan Yhdistys toimi jonkinlaisena seminaarina, jossa luettiin laudatur-kirjoituksia. Esimerkiksi vuoden 1906 yleisen, samoin kuin Suomen, Ven\u00e4j\u00e4n ja Pohjoismaiden historian laudatur-vaatimusten osana vaaditaan &#8220;osanottoa Historiallisen Yhdistyksen toimintaan&#8221;.<\/p>\n<p>Yhdistyksen kielest\u00e4 ei alkuper\u00e4isiss\u00e4 s\u00e4\u00e4nn\u00f6iss\u00e4, jotka on laadittu vain suomeksi, puhuta mit\u00e4\u00e4n, mutta k\u00e4yt\u00e4nn\u00f6ss\u00e4 Yhdistys oli kaksikielinen. K\u00e4yt\u00e4nt\u00f6n\u00e4 oli, ett\u00e4 kukin k\u00e4ytti esitelmiss\u00e4\u00e4n ja puheenvuoroissaan haluamaansa kielt\u00e4 ja sihteerit pitiv\u00e4t p\u00f6yt\u00e4kirjaa \u00e4idinkielell\u00e4\u00e4n. Vuodesta 1901 l\u00e4htien Yhdistyksell\u00e4 on kuitenkin ollut vain suomenkielisi\u00e4 sihteereit\u00e4 ja v\u00e4hitellen se muuttui k\u00e4yt\u00e4nn\u00f6ss\u00e4 suomenkieliseksi.<\/p>\n<p>Vuosisadan vaihteessa laudaturt\u00f6iden k\u00e4sittelyst\u00e4 luovuttiin ja samalla ulkomaisten kirjojen ja tutkimustulosten esittelyn osuus Yhdistyksen ohjelmistossa kasvoi. Vuonna 1914 yhdistys sai uudet s\u00e4\u00e4nn\u00f6t, joissa ei en\u00e4\u00e4 puhuta mit\u00e4\u00e4n yliopiston opettajista. 1930-luvulla yhdistys luopui aikaisemmasta asemastaan rehtorin valvonnan alaisena ylioppilasseurana ja vuonna 1933 hyv\u00e4ksyttiin uudet rekister\u00f6itymisen edellytt\u00e4m\u00e4t s\u00e4\u00e4nn\u00f6t.<\/p>\n<p>S\u00e4\u00e4nt\u00f6jen mukaan Yhdistyksen j\u00e4senet oli valittava, mutta vuoden 1892 j\u00e4lkeen ei p\u00f6yt\u00e4kirjoissa n\u00e4y mainintoja j\u00e4senten valitsemisesta. Jo kolmantena toimintavuotena tuli siis tavaksi ottaa j\u00e4seniksi kaikki, jotka olivat kirjoittaneet nimens\u00e4 j\u00e4senmaksulistaan.<\/p>\n<h3>Mukana ja taustalla monessa<\/h3>\n<p>Ajatus suomenkielisen alaan liittyv\u00e4n aikakauskirjan perustamisesta syntyi Yhdistyksen parissa ja ensi kerran se oli esill\u00e4 jo vuonna 1891. Historiallinen Aikakauskirja perustettiin lopulta vuonna 1903, kyll\u00e4kin ilman Yhdistyksen virallista osallistumista, mutta mukana oli monia seuramme toimihenkil\u00f6it\u00e4.<\/p>\n<p>Vuonna 1932 Eino Jutikkala ehdotti Yhdistyksen kokouksessa, ett\u00e4 perustettaisiin elin antamaan neuvoja paikallishistorian kirjoittajille ja valvomaan n\u00e4iden ty\u00f6t\u00e4. Ehdotuksen seurauksena perustettiin Paikallishistoriallinen toimisto, jonka johtokunnan muodostivat alunperin viiden historiallisen j\u00e4rjest\u00f6n valitsemat j\u00e4senet.<\/p>\n<p>Yhdistyksen taholta l\u00e4hti my\u00f6s aloite vuonna 1933 pidettyjen ensimm\u00e4isten virolais-suomalaisten historiap\u00e4ivien j\u00e4rjest\u00e4miseksi. Vuonna 1945 perustettiin historian opiskelijoiden ainej\u00e4rjest\u00f6 Kronos jonkinlaiseksi Historiallisen Yhdistyksen alaosastoksi, mutta jo 1950-luvun alussa se irtaantui kokonaan Yhdistyksest\u00e4. 1960-luvulla yhdistys j\u00e4rjesti kaksi ulkomaanmatkaa, joista toinen suuntautui Italiaan ja toinen Gotlantiin.<\/p>\n<h3>Miss\u00e4 menn\u00e4\u00e4n nykyisin?<\/h3>\n<p>1980-luvulta l\u00e4htien Yhdistyksen j\u00e4senm\u00e4\u00e4r\u00e4 on pysynyt noin 200 hengess\u00e4. P\u00e4\u00e4osa j\u00e4senist\u00e4 on nuoria tutkijoita ja opettajia yliopistolta, mutta hallituksessa ovat mukana my\u00f6s opiskelijaedustajat humanistisen ja valtiotieteellisen tiedekunnan historianlaitosten ainej\u00e4rjest\u00f6ist\u00e4. Erilaisia keskustelu- ja esitelm\u00e4tilaisuuksia, sek\u00e4 seminaareja Yhdistys on j\u00e4rjest\u00e4nyt noin kuusi kertaa vuodessa. N\u00e4m\u00e4 tilaisuudet ovat tarjonneet foorumin uusien historiantutkimuksen virtausten esittelylle, sek\u00e4 periaatekysymysten pohdinnalle ja niiss\u00e4 on k\u00e4sitelty hyvin moninaisia aiheita antiikin naisista historiankirjoituksen moderneihin klassikoihin ja ymp\u00e4rist\u00f6historiaan.<\/p>\n<p>Vuonna 1989 Historiallinen Yhdistys liittyi j\u00e4seneksi Tieteellisten Seurain Valtuuskuntaan. Vuonna 1990 ilmestyi 100-vuotisjuhlakirja Historia Nyt &#8211; n\u00e4kemyksi\u00e4 suomalaisesta historiantutkimuksesta.<\/p>\n<p>Yhdistys on viel\u00e4 2010-luvullakin aktiivisesti mukana historian tieteenalan piiriss\u00e4.<\/p>\n","protected":false},"excerpt":{"rendered":"<p>(Historiallisen yhdistyksen historian lyhyt versio) Alkuvuosikymmenet Historiallinen Yhdistys perustettiin lokakuussa 1890 silloisten yliopiston historian opettajien toimesta. Varsinaisena perustajana voidaan pit\u00e4\u00e4 professori J.R. Danielson-Kalmaria ja h\u00e4nen rinnallaan professoreita M. G. Schybergsonia ja E. G. Palm\u00e9nia, sek\u00e4 silloisia dosentteja C. von Bonsdorffia ja Kustavi Grotenfeltia. Perustettu yhdistys oli yliopiston rehtorin alainen puolivirallinen &hellip; <a class=\"readmore\" href=\"https:\/\/historiallinenyhdistys.fi\/?page_id=15\">Jatka lukemista<\/a><\/p>\n","protected":false},"author":1,"featured_media":0,"parent":0,"menu_order":0,"comment_status":"open","ping_status":"open","template":"","meta":{"footnotes":""},"class_list":["post-15","page","type-page","status-publish","hentry"],"_links":{"self":[{"href":"https:\/\/historiallinenyhdistys.fi\/index.php?rest_route=\/wp\/v2\/pages\/15","targetHints":{"allow":["GET"]}}],"collection":[{"href":"https:\/\/historiallinenyhdistys.fi\/index.php?rest_route=\/wp\/v2\/pages"}],"about":[{"href":"https:\/\/historiallinenyhdistys.fi\/index.php?rest_route=\/wp\/v2\/types\/page"}],"author":[{"embeddable":true,"href":"https:\/\/historiallinenyhdistys.fi\/index.php?rest_route=\/wp\/v2\/users\/1"}],"replies":[{"embeddable":true,"href":"https:\/\/historiallinenyhdistys.fi\/index.php?rest_route=%2Fwp%2Fv2%2Fcomments&post=15"}],"version-history":[{"count":4,"href":"https:\/\/historiallinenyhdistys.fi\/index.php?rest_route=\/wp\/v2\/pages\/15\/revisions"}],"predecessor-version":[{"id":75,"href":"https:\/\/historiallinenyhdistys.fi\/index.php?rest_route=\/wp\/v2\/pages\/15\/revisions\/75"}],"wp:attachment":[{"href":"https:\/\/historiallinenyhdistys.fi\/index.php?rest_route=%2Fwp%2Fv2%2Fmedia&parent=15"}],"curies":[{"name":"wp","href":"https:\/\/api.w.org\/{rel}","templated":true}]}}