{"id":8,"date":"2015-02-18T13:04:53","date_gmt":"2015-02-18T13:04:53","guid":{"rendered":"http:\/\/historiallinenyhdistys.fi\/?page_id=8"},"modified":"2025-02-09T16:02:23","modified_gmt":"2025-02-09T14:02:23","slug":"yhteystiedot","status":"publish","type":"page","link":"https:\/\/historiallinenyhdistys.fi\/?page_id=8","title":{"rendered":"Yhteystiedot"},"content":{"rendered":"<p>Historiallinen yhdistys<br \/>\nMaailman kulttuurien laitos<br \/>\nHelsingin yliopisto<br \/>\nPL 59<br \/>\nUnioninkatu 38<\/p>\n<p>Yhdistykselle tarkoitetun postin voi toimittaa my\u00f6s suoraan Helsingin yliopiston humanistisen tiedekunnan historian oppiaineeseen yliopistonlehtori Risto Marjomaalle katuosoitteeseen Unioninkatu 38 A.<\/p>\n<p>Yhdistyksen hallitukselle voi l\u00e4hett\u00e4\u00e4 s\u00e4hk\u00f6postia osoitteeseen<br \/>\nhistoria-yhteys (domainissa) helsinki.fi.<\/p>\n<p>&nbsp;<\/p>\n<h2><strong>Hallitus 2025<\/strong><\/h2>\n<p><strong>Puheenjohtaja<\/strong><br \/>\nRisto Marjomaa, yliopistonlehtori, dosentti, FT<br \/>\netunimi.sukunimi at helsinki.fi<\/p>\n<p><strong>Varapuheenjohtaja<\/strong><br \/>\nIisa Aaltonen,\u00a0v\u00e4it\u00f6skirjatutkija, FM, YTM,<\/p>\n<p><strong>Taloudenhoitaja<\/strong><br \/>\nSander K\u00f6\u00f6bi, FM<\/p>\n<p><strong>Ennen&amp;Nyt-vastaava<\/strong><br \/>\nAnu Lahtinen, professori, FT<\/p>\n<p><strong>Sihteeri, Kronoksen edustaja ja HOL-vastaava<br \/>\n<\/strong>Mohamed Abdi<\/p>\n<p><strong>Tiedottaja<\/strong><br \/>\nEveliina Halkom\u00e4ki<\/p>\n<p><strong>Verkkosivuvastaava<\/strong><br \/>\nMikko Virta, VTT<\/p>\n<p>&nbsp;<\/p>\n<p>Linkkej\u00e4<\/p>\n<p>Alla oleva suppea linkkikokoelma sis\u00e4lt\u00e4\u00e4 erityisesti linkkej\u00e4 Historialliseen Yhdistykseen kytk\u00f6ksiss\u00e4 oleviin j\u00e4rjest\u00f6ihin ja organisaatioihin.<\/p>\n<p><a href=\"http:\/\/www.ennenjanyt.net\/\" target=\"_blank\" rel=\"noopener\">Historian verkkosanomat Ennen &amp; Nyt<\/a><\/p>\n<p><a href=\"http:\/\/agricola.utu.fi\/\" target=\"_blank\" rel=\"noopener\">Agricola &#8211; Suomen Historiaverkko<\/a><\/p>\n<p><a href=\"http:\/\/pro.tsv.fi\/haik\/\" target=\"_blank\" rel=\"noopener\">Historiallinen Aikakauskirja<\/a><\/p>\n<p><a href=\"http:\/\/blogit.helsinki.fi\/polho\/index.htm\" target=\"_blank\" rel=\"noopener\">Poliittisen historian opiskelijat Polho ry<\/a><\/p>\n<p><a href=\"http:\/\/blogs.helsinki.fi\/kronos-ry\/\" target=\"_blank\" rel=\"noopener\">Kronos ry<\/a><\/p>\n<p><a href=\"http:\/\/blogs.helsinki.fi\/taso-ry\/\" target=\"_blank\" rel=\"noopener\">Taso ry<\/a><\/p>\n<p><a href=\"http:\/\/www.histseura.fi\/\" target=\"_blank\" rel=\"noopener\">Suomen Historiallinen Seura<\/a><\/p>\n<p><a href=\"http:\/\/www.tsv.fi\/\" target=\"_blank\" rel=\"noopener\">Tieteellisten seurain valtuuskunta<\/a><\/p>\n<p><a href=\"http:\/\/www.narc.fi\/thk\/\" target=\"_blank\" rel=\"noopener\">Tilaushistoriakeskus<\/a><\/p>\n","protected":false},"excerpt":{"rendered":"<p>Historiallinen yhdistys Maailman kulttuurien laitos Helsingin yliopisto PL 59 Unioninkatu 38 Yhdistykselle tarkoitetun postin voi toimittaa my\u00f6s suoraan Helsingin yliopiston humanistisen tiedekunnan historian oppiaineeseen yliopistonlehtori Risto Marjomaalle katuosoitteeseen Unioninkatu 38 A. Yhdistyksen hallitukselle voi l\u00e4hett\u00e4\u00e4 s\u00e4hk\u00f6postia osoitteeseen historia-yhteys (domainissa) helsinki.fi. &nbsp; Hallitus 2025 Puheenjohtaja Risto Marjomaa, yliopistonlehtori, dosentti, FT etunimi.sukunimi &hellip; <a class=\"readmore\" href=\"https:\/\/historiallinenyhdistys.fi\/?page_id=8\">Jatka lukemista<\/a><\/p>\n","protected":false},"author":1,"featured_media":0,"parent":0,"menu_order":0,"comment_status":"open","ping_status":"open","template":"","meta":{"footnotes":""},"class_list":["post-8","page","type-page","status-publish","hentry"],"_links":{"self":[{"href":"https:\/\/historiallinenyhdistys.fi\/index.php?rest_route=\/wp\/v2\/pages\/8","targetHints":{"allow":["GET"]}}],"collection":[{"href":"https:\/\/historiallinenyhdistys.fi\/index.php?rest_route=\/wp\/v2\/pages"}],"about":[{"href":"https:\/\/historiallinenyhdistys.fi\/index.php?rest_route=\/wp\/v2\/types\/page"}],"author":[{"embeddable":true,"href":"https:\/\/historiallinenyhdistys.fi\/index.php?rest_route=\/wp\/v2\/users\/1"}],"replies":[{"embeddable":true,"href":"https:\/\/historiallinenyhdistys.fi\/index.php?rest_route=%2Fwp%2Fv2%2Fcomments&post=8"}],"version-history":[{"count":34,"href":"https:\/\/historiallinenyhdistys.fi\/index.php?rest_route=\/wp\/v2\/pages\/8\/revisions"}],"predecessor-version":[{"id":367,"href":"https:\/\/historiallinenyhdistys.fi\/index.php?rest_route=\/wp\/v2\/pages\/8\/revisions\/367"}],"wp:attachment":[{"href":"https:\/\/historiallinenyhdistys.fi\/index.php?rest_route=%2Fwp%2Fv2%2Fmedia&parent=8"}],"curies":[{"name":"wp","href":"https:\/\/api.w.org\/{rel}","templated":true}]}}

<p>Historiallinen yhdistys<br />
Maailman kulttuurien laitos<br />
Helsingin yliopisto<br />
PL 59<br />
Unioninkatu 38</p>
<p>Yhdistykselle tarkoitetun postin voi toimittaa myös suoraan Helsingin yliopiston humanistisen tiedekunnan historian oppiaineeseen yliopistonlehtori Risto Marjomaalle katuosoitteeseen Unioninkatu 38 A.</p>
<p>Yhdistyksen hallitukselle voi lähettää sähköpostia osoitteeseen<br />
historia-yhteys (domainissa) helsinki.fi.</p>
<p>&nbsp;</p>
<h2><strong>Hallitus 2025</strong></h2>
<p><strong>Puheenjohtaja</strong><br />
Risto Marjomaa, yliopistonlehtori, dosentti, FT<br />
etunimi.sukunimi at helsinki.fi</p>
<p><strong>Varapuheenjohtaja</strong><br />
Iisa Aaltonen, väitöskirjatutkija, FM, YTM,</p>
<p><strong>Taloudenhoitaja</strong><br />
Sander Kööbi, FM</p>
<p><strong>Ennen&amp;Nyt-vastaava</strong><br />
Anu Lahtinen, professori, FT</p>
<p><strong>Sihteeri, Kronoksen edustaja ja HOL-vastaava<br />
</strong>Mohamed Abdi</p>
<p><strong>Tiedottaja</strong><br />
Eveliina Halkomäki</p>
<p><strong>Verkkosivuvastaava</strong><br />
Mikko Virta, VTT</p>
<p>&nbsp;</p>
<p>Linkkejä</p>
<p>Alla oleva suppea linkkikokoelma sisältää erityisesti linkkejä Historialliseen Yhdistykseen kytköksissä oleviin järjestöihin ja organisaatioihin.</p>
<p><a href="http://www.ennenjanyt.net/" target="_blank" rel="noopener">Historian verkkosanomat Ennen &amp; Nyt</a></p>
<p><a href="http://agricola.utu.fi/" target="_blank" rel="noopener">Agricola &#8211; Suomen Historiaverkko</a></p>
<p><a href="http://pro.tsv.fi/haik/" target="_blank" rel="noopener">Historiallinen Aikakauskirja</a></p>
<p><a href="http://blogit.helsinki.fi/polho/index.htm" target="_blank" rel="noopener">Poliittisen historian opiskelijat Polho ry</a></p>
<p><a href="http://blogs.helsinki.fi/kronos-ry/" target="_blank" rel="noopener">Kronos ry</a></p>
<p><a href="http://blogs.helsinki.fi/taso-ry/" target="_blank" rel="noopener">Taso ry</a></p>
<p><a href="http://www.histseura.fi/" target="_blank" rel="noopener">Suomen Historiallinen Seura</a></p>
<p><a href="http://www.tsv.fi/" target="_blank" rel="noopener">Tieteellisten seurain valtuuskunta</a></p>
<p><a href="http://www.narc.fi/thk/" target="_blank" rel="noopener">Tilaushistoriakeskus</a></p>

<p>Historiallinen yhdistys Maailman kulttuurien laitos Helsingin yliopisto PL 59 Unioninkatu 38 Yhdistykselle tarkoitetun postin voi toimittaa myös suoraan Helsingin yliopiston humanistisen tiedekunnan historian oppiaineeseen yliopistonlehtori Risto Marjomaalle katuosoitteeseen Unioninkatu 38 A. Yhdistyksen hallitukselle voi lähettää sähköpostia osoitteeseen historia-yhteys (domainissa) helsinki.fi. &nbsp; Hallitus 2025 Puheenjohtaja Risto Marjomaa, yliopistonlehtori, dosentti, FT etunimi.sukunimi &hellip; <a class="readmore" href="https://historiallinenyhdistys.fi/?page_id=8">Jatka lukemista</a></p>
